{"id":145,"date":"2025-10-10T07:24:31","date_gmt":"2025-10-10T07:24:31","guid":{"rendered":"https:\/\/krimic.uniri.hr\/?page_id=145"},"modified":"2025-10-10T10:34:42","modified_gmt":"2025-10-10T10:34:42","slug":"impresum","status":"publish","type":"page","link":"https:\/\/krimic.uniri.hr\/?page_id=145","title":{"rendered":"Impresum"},"content":{"rendered":"<p>Stranicu odr\u017eava <a href=\"https:\/\/krimic.uniri.hr\/?page_id=15\">projektni tim<\/a> znanstvenog projekta <em>Hrvatska i anglofona kriminalisti\u010dka proza: tekst, kontekst, prijevod<\/em>.<\/p>\n<p>Za sve upite mo\u017eete se obratiti na <a href=\"https:\/\/krimic.uniri.hr\/?page_id=147\">kontakte<\/a>.<\/p>\n<p>Ilustracija na naslovnoj stranici: <a href=\"https:\/\/www.freepik.com\/\" target=\"_blank\" rel=\"noopener\">Freepik<\/a>.<\/p>\n<p>Projekt financira Europska unija \u2013 NextGenerationEU. Izneseni stavovi i mi\u0161ljenja samo su autorovi i ne odra\u017eavaju nu\u017eno slu\u017ebena stajali\u0161ta Europske unije ili Europske komisije. Ni Europska unija ni Europska komisija ne mogu se smatrati odgovornima za njih.<\/p>\n","protected":false},"excerpt":{"rendered":"<p>Stranicu odr\u017eava projektni tim znanstvenog projekta Hrvatska i anglofona kriminalisti\u010dka proza: tekst, kontekst, prijevod. Za sve upite mo\u017eete se obratiti na kontakte. Ilustracija na naslovnoj stranici: Freepik. Projekt financira Europska unija \u2013 NextGenerationEU. Izneseni stavovi i mi\u0161ljenja samo su autorovi i ne odra\u017eavaju nu\u017eno slu\u017ebena stajali\u0161ta Europske unije ili Europske komisije. Ni Europska unija ni &hellip; <a href=\"https:\/\/krimic.uniri.hr\/?page_id=145\" class=\"more-link\">Nastavi \u010ditati <span class=\"screen-reader-text\">Impresum<\/span> <span class=\"meta-nav\">&rarr;<\/span><\/a><\/p>\n","protected":false},"author":2,"featured_media":0,"parent":0,"menu_order":0,"comment_status":"closed","ping_status":"closed","template":"","meta":{"footnotes":""},"class_list":["post-145","page","type-page","status-publish","hentry"],"_links":{"self":[{"href":"https:\/\/krimic.uniri.hr\/index.php?rest_route=\/wp\/v2\/pages\/145","targetHints":{"allow":["GET"]}}],"collection":[{"href":"https:\/\/krimic.uniri.hr\/index.php?rest_route=\/wp\/v2\/pages"}],"about":[{"href":"https:\/\/krimic.uniri.hr\/index.php?rest_route=\/wp\/v2\/types\/page"}],"author":[{"embeddable":true,"href":"https:\/\/krimic.uniri.hr\/index.php?rest_route=\/wp\/v2\/users\/2"}],"replies":[{"embeddable":true,"href":"https:\/\/krimic.uniri.hr\/index.php?rest_route=%2Fwp%2Fv2%2Fcomments&post=145"}],"version-history":[{"count":8,"href":"https:\/\/krimic.uniri.hr\/index.php?rest_route=\/wp\/v2\/pages\/145\/revisions"}],"predecessor-version":[{"id":175,"href":"https:\/\/krimic.uniri.hr\/index.php?rest_route=\/wp\/v2\/pages\/145\/revisions\/175"}],"wp:attachment":[{"href":"https:\/\/krimic.uniri.hr\/index.php?rest_route=%2Fwp%2Fv2%2Fmedia&parent=145"}],"curies":[{"name":"wp","href":"https:\/\/api.w.org\/{rel}","templated":true}]}}